{"id":117947,"date":"2023-02-03T13:32:27","date_gmt":"2023-02-03T13:32:27","guid":{"rendered":"https:\/\/interiorisimo.com\/?post_type=product&#038;p=117947"},"modified":"2023-02-08T15:34:49","modified_gmt":"2023-02-08T15:34:49","slug":"daily-planner","status":"publish","type":"product","link":"https:\/\/interiorisimo.com\/mgallo\/producto\/daily-planner\/","title":{"rendered":"DAILY PLANNER"},"content":{"rendered":"","protected":false},"excerpt":{"rendered":"<div id=\"tw-target-text-container\" class=\"tw-ta-container F0azHf tw-nfl\" tabindex=\"0\">\n<div id=\"tw-target-text-container\" class=\"tw-ta-container F0azHf tw-nfl\" tabindex=\"0\">\n<p id=\"tw-target-text\" class=\"tw-data-text tw-text-large tw-ta\" dir=\"ltr\" data-placeholder=\"Traducci\u00f3n\"><span class=\"Y2IQFc\" lang=\"es\">Este planificador diario encuadernado en tela y de inspiraci\u00f3n vintage, t\u00e9cnicamente no tiene fecha&#8230; es m\u00e1s como&#8230; &#8216;sin a\u00f1os&#8217;.\u00a0 Dispone de muchas curiosidades y todo lo que tienes que hacer es completar el a\u00f1o y en qu\u00e9 d\u00eda de la semana est\u00e1 cada d\u00eda. Simple. <\/span><\/p>\n<\/div>\n<\/div>\n<table class=\"woocommerce-product-attributes shop_attributes\">\n<tbody>\n<tr class=\"woocommerce-product-attributes-item woocommerce-product-attributes-item--weight\">\n<th class=\"woocommerce-product-attributes-item__label\">Cubierta<\/th>\n<td class=\"woocommerce-product-attributes-item__value\" data-o_content=\"0.7 kg\">Entelada<\/td>\n<\/tr>\n<tr class=\"woocommerce-product-attributes-item woocommerce-product-attributes-item--dimensions\">\n<th class=\"woocommerce-product-attributes-item__label\">Dimensiones<\/th>\n<td class=\"woocommerce-product-attributes-item__value\" data-o_content=\"30 \u00d7 20 \u00d7 18 cm\">15,5 \u00d7 2,5 x 23 cm<\/td>\n<\/tr>\n<tr class=\"woocommerce-product-attributes-item woocommerce-product-attributes-item--attribute_pa_color\">\n<th class=\"woocommerce-product-attributes-item__label\">Peso<\/th>\n<td class=\"woocommerce-product-attributes-item__value\">0,6 kg<\/td>\n<\/tr>\n<tr class=\"woocommerce-product-attributes-item woocommerce-product-attributes-item--attribute_pa_materials\">\n<th class=\"woocommerce-product-attributes-item__label\"><\/th>\n<td class=\"woocommerce-product-attributes-item__value\"><\/td>\n<\/tr>\n<tr class=\"woocommerce-product-attributes-item woocommerce-product-attributes-item--attribute_pa_brand\">\n<th class=\"woocommerce-product-attributes-item__label\"><\/th>\n<td class=\"woocommerce-product-attributes-item__value\"><\/td>\n<\/tr>\n<\/tbody>\n<\/table>\n","protected":false},"featured_media":117948,"comment_status":"closed","ping_status":"closed","template":"","meta":{"_joinchat":[]},"product_brand":[],"product_cat":[296],"product_tag":[],"class_list":{"0":"post-117947","1":"product","2":"type-product","3":"status-publish","4":"has-post-thumbnail","6":"product_cat-top-i","8":"first","9":"instock","10":"shipping-taxable","11":"purchasable","12":"product-type-simple"},"yoast_head":"<!-- This site is optimized with the Yoast SEO plugin v26.0 - https:\/\/yoast.com\/wordpress\/plugins\/seo\/ -->\n<title>DAILY PLANNER - interiorisimo | marisa gallo<\/title>\n<meta name=\"robots\" content=\"index, follow, max-snippet:-1, max-image-preview:large, max-video-preview:-1\" \/>\n<link rel=\"canonical\" href=\"https:\/\/interiorisimo.com\/mgallo\/producto\/daily-planner\/\" \/>\n<meta property=\"og:locale\" content=\"es_ES\" \/>\n<meta property=\"og:type\" content=\"article\" \/>\n<meta property=\"og:title\" content=\"DAILY PLANNER - interiorisimo | marisa gallo\" \/>\n<meta property=\"og:description\" content=\"Este planificador diario encuadernado en tela y de inspiraci\u00f3n vintage, t\u00e9cnicamente no tiene fecha... es m\u00e1s como... &#039;sin a\u00f1os&#039;.\u00a0 Dispone de muchas curiosidades y todo lo que tienes que hacer es completar el a\u00f1o y en qu\u00e9 d\u00eda de la semana est\u00e1 cada d\u00eda. Simple.        Cubierta Entelada   Dimensiones 15,5 \u00d7 2,5 x 23 cm   Peso 0,6 kg\" \/>\n<meta property=\"og:url\" content=\"https:\/\/interiorisimo.com\/mgallo\/producto\/daily-planner\/\" \/>\n<meta property=\"og:site_name\" content=\"interiorisimo | marisa gallo\" \/>\n<meta property=\"article:publisher\" content=\"https:\/\/www.facebook.com\/interiorisimo\" \/>\n<meta property=\"article:modified_time\" content=\"2023-02-08T15:34:49+00:00\" \/>\n<meta property=\"og:image\" content=\"https:\/\/interiorisimo.com\/mgallo\/wp-content\/uploads\/2023\/02\/planner1.jpg\" \/>\n\t<meta property=\"og:image:width\" content=\"1500\" \/>\n\t<meta property=\"og:image:height\" content=\"1500\" \/>\n\t<meta property=\"og:image:type\" content=\"image\/jpeg\" \/>\n<meta name=\"twitter:card\" content=\"summary_large_image\" \/>\n<meta name=\"twitter:site\" content=\"@interiorisimo\" \/>\n<!-- \/ Yoast SEO plugin. -->","yoast_head_json":{"title":"DAILY PLANNER - interiorisimo | marisa gallo","robots":{"index":"index","follow":"follow","max-snippet":"max-snippet:-1","max-image-preview":"max-image-preview:large","max-video-preview":"max-video-preview:-1"},"canonical":"https:\/\/interiorisimo.com\/mgallo\/producto\/daily-planner\/","og_locale":"es_ES","og_type":"article","og_title":"DAILY PLANNER - interiorisimo | marisa gallo","og_description":"Este planificador diario encuadernado en tela y de inspiraci\u00f3n vintage, t\u00e9cnicamente no tiene fecha... es m\u00e1s como... 'sin a\u00f1os'.\u00a0 Dispone de muchas curiosidades y todo lo que tienes que hacer es completar el a\u00f1o y en qu\u00e9 d\u00eda de la semana est\u00e1 cada d\u00eda. Simple.        Cubierta Entelada   Dimensiones 15,5 \u00d7 2,5 x 23 cm   Peso 0,6 kg","og_url":"https:\/\/interiorisimo.com\/mgallo\/producto\/daily-planner\/","og_site_name":"interiorisimo | marisa gallo","article_publisher":"https:\/\/www.facebook.com\/interiorisimo","article_modified_time":"2023-02-08T15:34:49+00:00","og_image":[{"width":1500,"height":1500,"url":"https:\/\/interiorisimo.com\/mgallo\/wp-content\/uploads\/2023\/02\/planner1.jpg","type":"image\/jpeg"}],"twitter_card":"summary_large_image","twitter_site":"@interiorisimo","schema":{"@context":"https:\/\/schema.org","@graph":[{"@type":"WebPage","@id":"https:\/\/interiorisimo.com\/mgallo\/producto\/daily-planner\/","url":"https:\/\/interiorisimo.com\/mgallo\/producto\/daily-planner\/","name":"DAILY PLANNER - interiorisimo | marisa gallo","isPartOf":{"@id":"https:\/\/interiorisimo.com\/mgallo\/#website"},"primaryImageOfPage":{"@id":"https:\/\/interiorisimo.com\/mgallo\/producto\/daily-planner\/#primaryimage"},"image":{"@id":"https:\/\/interiorisimo.com\/mgallo\/producto\/daily-planner\/#primaryimage"},"thumbnailUrl":"https:\/\/interiorisimo.com\/mgallo\/wp-content\/uploads\/2023\/02\/planner1.jpg","datePublished":"2023-02-03T13:32:27+00:00","dateModified":"2023-02-08T15:34:49+00:00","breadcrumb":{"@id":"https:\/\/interiorisimo.com\/mgallo\/producto\/daily-planner\/#breadcrumb"},"inLanguage":"es","potentialAction":[{"@type":"ReadAction","target":["https:\/\/interiorisimo.com\/mgallo\/producto\/daily-planner\/"]}]},{"@type":"ImageObject","inLanguage":"es","@id":"https:\/\/interiorisimo.com\/mgallo\/producto\/daily-planner\/#primaryimage","url":"https:\/\/interiorisimo.com\/mgallo\/wp-content\/uploads\/2023\/02\/planner1.jpg","contentUrl":"https:\/\/interiorisimo.com\/mgallo\/wp-content\/uploads\/2023\/02\/planner1.jpg","width":1500,"height":1500},{"@type":"BreadcrumbList","@id":"https:\/\/interiorisimo.com\/mgallo\/producto\/daily-planner\/#breadcrumb","itemListElement":[{"@type":"ListItem","position":1,"name":"Portada","item":"https:\/\/interiorisimo.com\/mgallo\/"},{"@type":"ListItem","position":2,"name":"i-shop","item":"https:\/\/interiorisimo.com\/mgallo\/ishop\/"},{"@type":"ListItem","position":3,"name":"DAILY PLANNER"}]},{"@type":"WebSite","@id":"https:\/\/interiorisimo.com\/mgallo\/#website","url":"https:\/\/interiorisimo.com\/mgallo\/","name":"interiorisimo | marisa gallo","description":"Estudio de interiorismo by Marisa Gallo","publisher":{"@id":"https:\/\/interiorisimo.com\/mgallo\/#organization"},"potentialAction":[{"@type":"SearchAction","target":{"@type":"EntryPoint","urlTemplate":"https:\/\/interiorisimo.com\/mgallo\/?s={search_term_string}"},"query-input":{"@type":"PropertyValueSpecification","valueRequired":true,"valueName":"search_term_string"}}],"inLanguage":"es"},{"@type":"Organization","@id":"https:\/\/interiorisimo.com\/mgallo\/#organization","name":"interiorisimo | marisa gallo","url":"https:\/\/interiorisimo.com\/mgallo\/","logo":{"@type":"ImageObject","inLanguage":"es","@id":"https:\/\/interiorisimo.com\/mgallo\/#\/schema\/logo\/image\/","url":"https:\/\/interiorisimo.com\/mgallo\/wp-content\/uploads\/2023\/01\/LGMGA.png","contentUrl":"https:\/\/interiorisimo.com\/mgallo\/wp-content\/uploads\/2023\/01\/LGMGA.png","width":284,"height":338,"caption":"interiorisimo | marisa gallo"},"image":{"@id":"https:\/\/interiorisimo.com\/mgallo\/#\/schema\/logo\/image\/"},"sameAs":["https:\/\/www.facebook.com\/interiorisimo","https:\/\/x.com\/interiorisimo","https:\/\/www.instagram.com\/interiorisimo\/","https:\/\/www.linkedin.com\/company\/interiorisimo","https:\/\/www.pinterest.com\/interiorisimo"]}]}},"_links":{"self":[{"href":"https:\/\/interiorisimo.com\/mgallo\/wp-json\/wp\/v2\/product\/117947","targetHints":{"allow":["GET"]}}],"collection":[{"href":"https:\/\/interiorisimo.com\/mgallo\/wp-json\/wp\/v2\/product"}],"about":[{"href":"https:\/\/interiorisimo.com\/mgallo\/wp-json\/wp\/v2\/types\/product"}],"replies":[{"embeddable":true,"href":"https:\/\/interiorisimo.com\/mgallo\/wp-json\/wp\/v2\/comments?post=117947"}],"wp:featuredmedia":[{"embeddable":true,"href":"https:\/\/interiorisimo.com\/mgallo\/wp-json\/wp\/v2\/media\/117948"}],"wp:attachment":[{"href":"https:\/\/interiorisimo.com\/mgallo\/wp-json\/wp\/v2\/media?parent=117947"}],"wp:term":[{"taxonomy":"product_brand","embeddable":true,"href":"https:\/\/interiorisimo.com\/mgallo\/wp-json\/wp\/v2\/product_brand?post=117947"},{"taxonomy":"product_cat","embeddable":true,"href":"https:\/\/interiorisimo.com\/mgallo\/wp-json\/wp\/v2\/product_cat?post=117947"},{"taxonomy":"product_tag","embeddable":true,"href":"https:\/\/interiorisimo.com\/mgallo\/wp-json\/wp\/v2\/product_tag?post=117947"}],"curies":[{"name":"wp","href":"https:\/\/api.w.org\/{rel}","templated":true}]}}

<div id="tw-target-text-container" class="tw-ta-container F0azHf tw-nfl" tabindex="0">
<div id="tw-target-text-container" class="tw-ta-container F0azHf tw-nfl" tabindex="0">
<p id="tw-target-text" class="tw-data-text tw-text-large tw-ta" dir="ltr" data-placeholder="Traducción"><span class="Y2IQFc" lang="es">Este planificador diario encuadernado en tela y de inspiración vintage, técnicamente no tiene fecha&#8230; es más como&#8230; &#8216;sin años&#8217;.  Dispone de muchas curiosidades y todo lo que tienes que hacer es completar el año y en qué día de la semana está cada día. Simple. </span></p>
</div>
</div>
<table class="woocommerce-product-attributes shop_attributes">
<tbody>
<tr class="woocommerce-product-attributes-item woocommerce-product-attributes-item--weight">
<th class="woocommerce-product-attributes-item__label">Cubierta</th>
<td class="woocommerce-product-attributes-item__value" data-o_content="0.7 kg">Entelada</td>
</tr>
<tr class="woocommerce-product-attributes-item woocommerce-product-attributes-item--dimensions">
<th class="woocommerce-product-attributes-item__label">Dimensiones</th>
<td class="woocommerce-product-attributes-item__value" data-o_content="30 × 20 × 18 cm">15,5 × 2,5 x 23 cm</td>
</tr>
<tr class="woocommerce-product-attributes-item woocommerce-product-attributes-item--attribute_pa_color">
<th class="woocommerce-product-attributes-item__label">Peso</th>
<td class="woocommerce-product-attributes-item__value">0,6 kg</td>
</tr>
<tr class="woocommerce-product-attributes-item woocommerce-product-attributes-item--attribute_pa_materials">
<th class="woocommerce-product-attributes-item__label"></th>
<td class="woocommerce-product-attributes-item__value"></td>
</tr>
<tr class="woocommerce-product-attributes-item woocommerce-product-attributes-item--attribute_pa_brand">
<th class="woocommerce-product-attributes-item__label"></th>
<td class="woocommerce-product-attributes-item__value"></td>
</tr>
</tbody>
</table>

<!-- This site is optimized with the Yoast SEO plugin v26.0 - https://yoast.com/wordpress/plugins/seo/ -->
<title>DAILY PLANNER - interiorisimo | marisa gallo</title>
<meta name="robots" content="index, follow, max-snippet:-1, max-image-preview:large, max-video-preview:-1" />
<link rel="canonical" href="https://interiorisimo.com/mgallo/producto/daily-planner/" />
<meta property="og:locale" content="es_ES" />
<meta property="og:type" content="article" />
<meta property="og:title" content="DAILY PLANNER - interiorisimo | marisa gallo" />
<meta property="og:description" content="Este planificador diario encuadernado en tela y de inspiración vintage, técnicamente no tiene fecha... es más como... &#039;sin años&#039;.  Dispone de muchas curiosidades y todo lo que tienes que hacer es completar el año y en qué día de la semana está cada día. Simple.        Cubierta Entelada   Dimensiones 15,5 × 2,5 x 23 cm   Peso 0,6 kg" />
<meta property="og:url" content="https://interiorisimo.com/mgallo/producto/daily-planner/" />
<meta property="og:site_name" content="interiorisimo | marisa gallo" />
<meta property="article:publisher" content="https://www.facebook.com/interiorisimo" />
<meta property="article:modified_time" content="2023-02-08T15:34:49+00:00" />
<meta property="og:image" content="https://interiorisimo.com/mgallo/wp-content/uploads/2023/02/planner1.jpg" />
	<meta property="og:image:width" content="1500" />
	<meta property="og:image:height" content="1500" />
	<meta property="og:image:type" content="image/jpeg" />
<meta name="twitter:card" content="summary_large_image" />
<meta name="twitter:site" content="@interiorisimo" />
<!-- / Yoast SEO plugin. -->

Este planificador diario encuadernado en tela y de inspiración vintage, técnicamente no tiene fecha... es más como... 'sin años'.  Dispone de muchas curiosidades y todo lo que tienes que hacer es completar el año y en qué día de la semana está cada día. Simple.        Cubierta Entelada   Dimensiones 15,5 × 2,5 x 23 cm   Peso 0,6 kg
