{"id":118215,"date":"2023-02-27T15:13:54","date_gmt":"2023-02-27T15:13:54","guid":{"rendered":"https:\/\/interiorisimo.com\/?post_type=product&#038;p=118215"},"modified":"2023-02-27T15:23:02","modified_gmt":"2023-02-27T15:23:02","slug":"yuri-zatarain-93","status":"publish","type":"product","link":"https:\/\/interiorisimo.com\/mgallo\/producto\/yuri-zatarain-93\/","title":{"rendered":"YURI ZATARAIN &#8211; ERES T\u00da 93"},"content":{"rendered":"","protected":false},"excerpt":{"rendered":"<p id=\"tw-target-text\" class=\"tw-data-text tw-text-large tw-ta\" dir=\"ltr\" data-placeholder=\"Traducci\u00f3n\"><span class=\"Y2IQFc font-193817\" lang=\"es\">Original de Yuri Zatarain. T\u00edtulo: &#8220;Eres t\u00fa 93&#8221;<br \/>\n<\/span><\/p>\n<table class=\"woocommerce-product-attributes shop_attributes\">\n<tbody>\n<tr class=\"woocommerce-product-attributes-item woocommerce-product-attributes-item--weight\">\n<th class=\"woocommerce-product-attributes-item__label\">Medidas<\/th>\n<td class=\"woocommerce-product-attributes-item__value\" data-o_content=\"0.7 kg\">28&#215;21 cm<\/td>\n<\/tr>\n<tr class=\"woocommerce-product-attributes-item woocommerce-product-attributes-item--dimensions\">\n<th class=\"woocommerce-product-attributes-item__label\">T\u00e9cnica<\/th>\n<td class=\"woocommerce-product-attributes-item__value\" data-o_content=\"30 \u00d7 20 \u00d7 18 cm\">Acr\u00edlico<\/td>\n<\/tr>\n<tr class=\"woocommerce-product-attributes-item woocommerce-product-attributes-item--attribute_pa_color\">\n<th class=\"woocommerce-product-attributes-item__label\">Material<\/th>\n<td class=\"woocommerce-product-attributes-item__value\">Papel<\/td>\n<\/tr>\n<tr class=\"woocommerce-product-attributes-item woocommerce-product-attributes-item--attribute_pa_materials\">\n<th class=\"woocommerce-product-attributes-item__label\">Marco<\/th>\n<td class=\"woocommerce-product-attributes-item__value\">Madera<\/td>\n<\/tr>\n<tr class=\"woocommerce-product-attributes-item woocommerce-product-attributes-item--attribute_pa_brand\">\n<th class=\"woocommerce-product-attributes-item__label\">Medidas marco<\/th>\n<td class=\"woocommerce-product-attributes-item__value\">44&#215;37 cm<\/td>\n<\/tr>\n<\/tbody>\n<\/table>\n","protected":false},"featured_media":118211,"comment_status":"closed","ping_status":"closed","template":"","meta":{"_joinchat":[]},"product_brand":[],"product_cat":[296],"product_tag":[],"class_list":{"0":"post-118215","1":"product","2":"type-product","3":"status-publish","4":"has-post-thumbnail","6":"product_cat-top-i","8":"first","9":"instock","10":"shipping-taxable","11":"purchasable","12":"product-type-simple"},"yoast_head":"<!-- This site is optimized with the Yoast SEO plugin v26.0 - https:\/\/yoast.com\/wordpress\/plugins\/seo\/ -->\n<title>YURI ZATARAIN - ERES T\u00da 93 - interiorisimo | marisa gallo<\/title>\n<meta name=\"robots\" content=\"index, follow, max-snippet:-1, max-image-preview:large, max-video-preview:-1\" \/>\n<link rel=\"canonical\" href=\"https:\/\/interiorisimo.com\/mgallo\/producto\/yuri-zatarain-93\/\" \/>\n<meta property=\"og:locale\" content=\"es_ES\" \/>\n<meta property=\"og:type\" content=\"article\" \/>\n<meta property=\"og:title\" content=\"YURI ZATARAIN - ERES T\u00da 93 - interiorisimo | marisa gallo\" \/>\n<meta property=\"og:description\" content=\"Original de Yuri Zatarain. T\u00edtulo: &quot;Eres t\u00fa 93&quot;      Medidas 28x21 cm   T\u00e9cnica Acr\u00edlico   Material Papel   Marco Madera   Medidas marco 44x37 cm\" \/>\n<meta property=\"og:url\" content=\"https:\/\/interiorisimo.com\/mgallo\/producto\/yuri-zatarain-93\/\" \/>\n<meta property=\"og:site_name\" content=\"interiorisimo | marisa gallo\" \/>\n<meta property=\"article:publisher\" content=\"https:\/\/www.facebook.com\/interiorisimo\" \/>\n<meta property=\"article:modified_time\" content=\"2023-02-27T15:23:02+00:00\" \/>\n<meta property=\"og:image\" content=\"https:\/\/interiorisimo.com\/mgallo\/wp-content\/uploads\/2023\/02\/YURI04.jpg\" \/>\n\t<meta property=\"og:image:width\" content=\"800\" \/>\n\t<meta property=\"og:image:height\" content=\"736\" \/>\n\t<meta property=\"og:image:type\" content=\"image\/jpeg\" \/>\n<meta name=\"twitter:card\" content=\"summary_large_image\" \/>\n<meta name=\"twitter:site\" content=\"@interiorisimo\" \/>\n<!-- \/ Yoast SEO plugin. -->","yoast_head_json":{"title":"YURI ZATARAIN - ERES T\u00da 93 - interiorisimo | marisa gallo","robots":{"index":"index","follow":"follow","max-snippet":"max-snippet:-1","max-image-preview":"max-image-preview:large","max-video-preview":"max-video-preview:-1"},"canonical":"https:\/\/interiorisimo.com\/mgallo\/producto\/yuri-zatarain-93\/","og_locale":"es_ES","og_type":"article","og_title":"YURI ZATARAIN - ERES T\u00da 93 - interiorisimo | marisa gallo","og_description":"Original de Yuri Zatarain. T\u00edtulo: \"Eres t\u00fa 93\"      Medidas 28x21 cm   T\u00e9cnica Acr\u00edlico   Material Papel   Marco Madera   Medidas marco 44x37 cm","og_url":"https:\/\/interiorisimo.com\/mgallo\/producto\/yuri-zatarain-93\/","og_site_name":"interiorisimo | marisa gallo","article_publisher":"https:\/\/www.facebook.com\/interiorisimo","article_modified_time":"2023-02-27T15:23:02+00:00","og_image":[{"width":800,"height":736,"url":"https:\/\/interiorisimo.com\/mgallo\/wp-content\/uploads\/2023\/02\/YURI04.jpg","type":"image\/jpeg"}],"twitter_card":"summary_large_image","twitter_site":"@interiorisimo","schema":{"@context":"https:\/\/schema.org","@graph":[{"@type":"WebPage","@id":"https:\/\/interiorisimo.com\/mgallo\/producto\/yuri-zatarain-93\/","url":"https:\/\/interiorisimo.com\/mgallo\/producto\/yuri-zatarain-93\/","name":"YURI ZATARAIN - ERES T\u00da 93 - interiorisimo | marisa gallo","isPartOf":{"@id":"https:\/\/interiorisimo.com\/mgallo\/#website"},"primaryImageOfPage":{"@id":"https:\/\/interiorisimo.com\/mgallo\/producto\/yuri-zatarain-93\/#primaryimage"},"image":{"@id":"https:\/\/interiorisimo.com\/mgallo\/producto\/yuri-zatarain-93\/#primaryimage"},"thumbnailUrl":"https:\/\/interiorisimo.com\/mgallo\/wp-content\/uploads\/2023\/02\/YURI04.jpg","datePublished":"2023-02-27T15:13:54+00:00","dateModified":"2023-02-27T15:23:02+00:00","breadcrumb":{"@id":"https:\/\/interiorisimo.com\/mgallo\/producto\/yuri-zatarain-93\/#breadcrumb"},"inLanguage":"es","potentialAction":[{"@type":"ReadAction","target":["https:\/\/interiorisimo.com\/mgallo\/producto\/yuri-zatarain-93\/"]}]},{"@type":"ImageObject","inLanguage":"es","@id":"https:\/\/interiorisimo.com\/mgallo\/producto\/yuri-zatarain-93\/#primaryimage","url":"https:\/\/interiorisimo.com\/mgallo\/wp-content\/uploads\/2023\/02\/YURI04.jpg","contentUrl":"https:\/\/interiorisimo.com\/mgallo\/wp-content\/uploads\/2023\/02\/YURI04.jpg","width":800,"height":736},{"@type":"BreadcrumbList","@id":"https:\/\/interiorisimo.com\/mgallo\/producto\/yuri-zatarain-93\/#breadcrumb","itemListElement":[{"@type":"ListItem","position":1,"name":"Portada","item":"https:\/\/interiorisimo.com\/mgallo\/"},{"@type":"ListItem","position":2,"name":"i-shop","item":"https:\/\/interiorisimo.com\/mgallo\/ishop\/"},{"@type":"ListItem","position":3,"name":"YURI ZATARAIN &#8211; ERES T\u00da 93"}]},{"@type":"WebSite","@id":"https:\/\/interiorisimo.com\/mgallo\/#website","url":"https:\/\/interiorisimo.com\/mgallo\/","name":"interiorisimo | marisa gallo","description":"Estudio de interiorismo by Marisa Gallo","publisher":{"@id":"https:\/\/interiorisimo.com\/mgallo\/#organization"},"potentialAction":[{"@type":"SearchAction","target":{"@type":"EntryPoint","urlTemplate":"https:\/\/interiorisimo.com\/mgallo\/?s={search_term_string}"},"query-input":{"@type":"PropertyValueSpecification","valueRequired":true,"valueName":"search_term_string"}}],"inLanguage":"es"},{"@type":"Organization","@id":"https:\/\/interiorisimo.com\/mgallo\/#organization","name":"interiorisimo | marisa gallo","url":"https:\/\/interiorisimo.com\/mgallo\/","logo":{"@type":"ImageObject","inLanguage":"es","@id":"https:\/\/interiorisimo.com\/mgallo\/#\/schema\/logo\/image\/","url":"https:\/\/interiorisimo.com\/mgallo\/wp-content\/uploads\/2023\/01\/LGMGA.png","contentUrl":"https:\/\/interiorisimo.com\/mgallo\/wp-content\/uploads\/2023\/01\/LGMGA.png","width":284,"height":338,"caption":"interiorisimo | marisa gallo"},"image":{"@id":"https:\/\/interiorisimo.com\/mgallo\/#\/schema\/logo\/image\/"},"sameAs":["https:\/\/www.facebook.com\/interiorisimo","https:\/\/x.com\/interiorisimo","https:\/\/www.instagram.com\/interiorisimo\/","https:\/\/www.linkedin.com\/company\/interiorisimo","https:\/\/www.pinterest.com\/interiorisimo"]}]}},"_links":{"self":[{"href":"https:\/\/interiorisimo.com\/mgallo\/wp-json\/wp\/v2\/product\/118215","targetHints":{"allow":["GET"]}}],"collection":[{"href":"https:\/\/interiorisimo.com\/mgallo\/wp-json\/wp\/v2\/product"}],"about":[{"href":"https:\/\/interiorisimo.com\/mgallo\/wp-json\/wp\/v2\/types\/product"}],"replies":[{"embeddable":true,"href":"https:\/\/interiorisimo.com\/mgallo\/wp-json\/wp\/v2\/comments?post=118215"}],"wp:featuredmedia":[{"embeddable":true,"href":"https:\/\/interiorisimo.com\/mgallo\/wp-json\/wp\/v2\/media\/118211"}],"wp:attachment":[{"href":"https:\/\/interiorisimo.com\/mgallo\/wp-json\/wp\/v2\/media?parent=118215"}],"wp:term":[{"taxonomy":"product_brand","embeddable":true,"href":"https:\/\/interiorisimo.com\/mgallo\/wp-json\/wp\/v2\/product_brand?post=118215"},{"taxonomy":"product_cat","embeddable":true,"href":"https:\/\/interiorisimo.com\/mgallo\/wp-json\/wp\/v2\/product_cat?post=118215"},{"taxonomy":"product_tag","embeddable":true,"href":"https:\/\/interiorisimo.com\/mgallo\/wp-json\/wp\/v2\/product_tag?post=118215"}],"curies":[{"name":"wp","href":"https:\/\/api.w.org\/{rel}","templated":true}]}}

YURI ZATARAIN &#8211; ERES TÚ 93

<p id="tw-target-text" class="tw-data-text tw-text-large tw-ta" dir="ltr" data-placeholder="Traducción"><span class="Y2IQFc font-193817" lang="es">Original de Yuri Zatarain. Título: &#8220;Eres tú 93&#8221;<br />
</span></p>
<table class="woocommerce-product-attributes shop_attributes">
<tbody>
<tr class="woocommerce-product-attributes-item woocommerce-product-attributes-item--weight">
<th class="woocommerce-product-attributes-item__label">Medidas</th>
<td class="woocommerce-product-attributes-item__value" data-o_content="0.7 kg">28&#215;21 cm</td>
</tr>
<tr class="woocommerce-product-attributes-item woocommerce-product-attributes-item--dimensions">
<th class="woocommerce-product-attributes-item__label">Técnica</th>
<td class="woocommerce-product-attributes-item__value" data-o_content="30 × 20 × 18 cm">Acrílico</td>
</tr>
<tr class="woocommerce-product-attributes-item woocommerce-product-attributes-item--attribute_pa_color">
<th class="woocommerce-product-attributes-item__label">Material</th>
<td class="woocommerce-product-attributes-item__value">Papel</td>
</tr>
<tr class="woocommerce-product-attributes-item woocommerce-product-attributes-item--attribute_pa_materials">
<th class="woocommerce-product-attributes-item__label">Marco</th>
<td class="woocommerce-product-attributes-item__value">Madera</td>
</tr>
<tr class="woocommerce-product-attributes-item woocommerce-product-attributes-item--attribute_pa_brand">
<th class="woocommerce-product-attributes-item__label">Medidas marco</th>
<td class="woocommerce-product-attributes-item__value">44&#215;37 cm</td>
</tr>
</tbody>
</table>

<!-- This site is optimized with the Yoast SEO plugin v26.0 - https://yoast.com/wordpress/plugins/seo/ -->
<title>YURI ZATARAIN - ERES TÚ 93 - interiorisimo | marisa gallo</title>
<meta name="robots" content="index, follow, max-snippet:-1, max-image-preview:large, max-video-preview:-1" />
<link rel="canonical" href="https://interiorisimo.com/mgallo/producto/yuri-zatarain-93/" />
<meta property="og:locale" content="es_ES" />
<meta property="og:type" content="article" />
<meta property="og:title" content="YURI ZATARAIN - ERES TÚ 93 - interiorisimo | marisa gallo" />
<meta property="og:description" content="Original de Yuri Zatarain. Título: &quot;Eres tú 93&quot;      Medidas 28x21 cm   Técnica Acrílico   Material Papel   Marco Madera   Medidas marco 44x37 cm" />
<meta property="og:url" content="https://interiorisimo.com/mgallo/producto/yuri-zatarain-93/" />
<meta property="og:site_name" content="interiorisimo | marisa gallo" />
<meta property="article:publisher" content="https://www.facebook.com/interiorisimo" />
<meta property="article:modified_time" content="2023-02-27T15:23:02+00:00" />
<meta property="og:image" content="https://interiorisimo.com/mgallo/wp-content/uploads/2023/02/YURI04.jpg" />
	<meta property="og:image:width" content="800" />
	<meta property="og:image:height" content="736" />
	<meta property="og:image:type" content="image/jpeg" />
<meta name="twitter:card" content="summary_large_image" />
<meta name="twitter:site" content="@interiorisimo" />
<!-- / Yoast SEO plugin. -->

YURI ZATARAIN - ERES TÚ 93 - interiorisimo | marisa gallo

Original de Yuri Zatarain. Título: "Eres tú 93"      Medidas 28x21 cm   Técnica Acrílico   Material Papel   Marco Madera   Medidas marco 44x37 cm
